{"id":73,"date":"2016-04-23T03:55:34","date_gmt":"2016-04-23T03:55:34","guid":{"rendered":"https:\/\/madeireiraeuroportas.com.br\/?page_id=73"},"modified":"2022-03-17T08:12:00","modified_gmt":"2022-03-17T11:12:00","slug":"about-us","status":"publish","type":"page","link":"https:\/\/madeireiraeuroportas.com.br\/?page_id=73","title":{"rendered":"Sobre n\u00f3s"},"content":{"rendered":"<div class=\"wpb-content-wrapper\"><p>[vc_row newlayout=&#8221;Fixed&#8221;][vc_column]<div class=\"blank-spacer clearfix  \"  style=\"margin-bottom:80px !important; clear:both;\"><\/div><div class=\"section_header tblock-box text-left  \"><h2 class=\"tblock \" >QUEM N\u00d3S SOMOS<\/h2><\/div><div class=\"blank-spacer clearfix  \"  style=\"margin-bottom:50px !important; clear:both;\"><\/div>[\/vc_column][\/vc_row][vc_row equal_height=&#8221;yes&#8221; newlayout=&#8221;Fixed&#8221; el_class=&#8221;who-area&#8221;][vc_column width=&#8221;1\/4&#8243;]<div class=\"image-shortcode style2  \"><img decoding=\"async\" src=\"https:\/\/madeireiraeuroportas.com.br\/wp-content\/uploads\/2016\/04\/1-3.jpg\"  alt=\"alt\"><\/div>[\/vc_column][vc_column width=&#8221;3\/4&#8243; el_class=&#8221;who-are-texts&#8221;][vc_column_text css=&#8221;.vc_custom_1647143102620{margin-bottom: 0px !important;}&#8221;]<\/p>\n<h3>Temos orgulho em produzir nossos produtos com madeira de qualidade e acabamento impec\u00e1vel<\/h3>\n<p>Garantir a qualidade dos produtos ou servi\u00e7os, precisa ser um objetivo de qualquer empresa e portanto n\u00e3o poderia ser diferente na EuroPortas.<br \/>\nA preocupa\u00e7\u00e3o cont\u00ednua com a qualidade dos produtos madeireiros possui grande import\u00e2ncia para que uma madeireira fa\u00e7a sucesso e conquiste destaque no mercado, saindo na frente da concorr\u00eancia do segmento.[\/vc_column_text][vc_row_inner][vc_column_inner width=&#8221;1\/3&#8243; css=&#8221;.vc_custom_1461417690812{padding-right: 15px !important;}&#8221;]<ul  class=\" font-raleway icon-list  list-shortcode\"><li style=\"color:#8e8d8d\">\n<i class=\"fa fa-arrow-circle-o-right\" style=\"color:#d7953e\"><\/i>\nAcabamento impec\u00e1vel\n<\/li>\n<li style=\"color:#8e8d8d\">\n<i class=\"fa fa-arrow-circle-o-right\" style=\"color:#d7953e\"><\/i>\nCompromisso na entrega\n<\/li>\n<li style=\"color:#8e8d8d\">\n<i class=\"fa fa-arrow-circle-o-right\" style=\"color:#d7953e\"><\/i>\nMadeira legalizada\n<\/li><\/ul>[\/vc_column_inner][vc_column_inner width=&#8221;1\/3&#8243; css=&#8221;.vc_custom_1461417701926{padding-left: 15px !important;}&#8221;]<ul  class=\" font-raleway icon-list  list-shortcode\"><li style=\"color:#8e8d8d\">\n<i class=\"fa fa-arrow-circle-o-right\" style=\"color:#d7953e\"><\/i>\nDocumento de origem florestal\n<\/li>\n<li style=\"color:#8e8d8d\">\n<i class=\"fa fa-arrow-circle-o-right\" style=\"color:#d7953e\"><\/i>\nTrabalho com projetos arquitet\u00f4nicos \n<\/li>\n<li style=\"color:#8e8d8d\">\n<i class=\"fa fa-arrow-circle-o-right\" style=\"color:#d7953e\"><\/i>\nMadeira tratada (sem cupins)\n<\/li><\/ul>[\/vc_column_inner][vc_column_inner width=&#8221;1\/3&#8243;][\/vc_column_inner][\/vc_row_inner]<div class=\"blank-spacer clearfix  \"  style=\"margin-bottom:-25px !important; clear:both;\"><\/div><div class=\"who-text-box infoblock \" style=\"background-color:#f6f6f6; \">\r\n\t\t\t[vc_column_text css=&#8221;.vc_custom_1647144008268{margin-bottom: 0px !important;}&#8221;]<img loading=\"lazy\" decoding=\"async\" class=\"size-full wp-image-76 alignleft\" src=\"https:\/\/madeireiraeuroportas.com.br\/wp-content\/uploads\/2016\/04\/box-image.png\" alt=\"box-image\" width=\"213\" height=\"125\" \/>Contamos com os melhores profissionais do estado e com os clientes mais satisfeitos tamb\u00e9m!<\/p>\n<p>N\u00e3o espere muito, fale conosco pelo<a href=\"https:\/\/api.whatsapp.com\/send?phone=5585981188673\"> whatsapp clicando aqui\u00a0<\/a>[\/vc_column_text]\r\n\t\t<\/div>[\/vc_column][\/vc_row][vc_row][vc_column]<div class=\"blank-spacer clearfix  \"  style=\"margin-bottom:80px !important; clear:both;\"><\/div>[\/vc_column][\/vc_row][vc_row equal_height=&#8221;yes&#8221; el_class=&#8221;features-section&#8221;][vc_column width=&#8221;5\/12&#8243; css=&#8221;.vc_custom_1461413479995{padding-right: 0px !important;padding-left: 0px !important;}&#8221;]<div class=\"image-shortcode   \"><img decoding=\"async\" src=\"https:\/\/madeireiraeuroportas.com.br\/wp-content\/uploads\/2022\/03\/woodhand.png\"  alt=\"alt\"><\/div>[\/vc_column][vc_column width=&#8221;7\/12&#8243; css=&#8221;.vc_custom_1461974779280{padding-right: 0px !important;padding-left: 0px !important;background-image: url(https:\/\/madeireiraeuroportas.com.br\/wp-content\/uploads\/2016\/04\/2-2.jpg?id=89) !important;}&#8221;]<div class=\"blank-spacer clearfix  \"  style=\"margin-bottom:-35px !important; clear:both;\"><\/div>[vc_row_inner content_placement=&#8221;top&#8221; css=&#8221;.vc_custom_1461413931253{padding-top: 0px !important;}&#8221;][vc_column_inner width=&#8221;1\/2&#8243; css=&#8221;.vc_custom_1461413744653{padding-right: 0px !important;background-color: #473729 !important;}&#8221;]<div class=\"blank-spacer clearfix  \"  style=\"margin-bottom:40px !important; clear:both;\"><\/div><div class=\"fblock1   \">\r\n\t\t\t\t<div class=\"media\">\r\n\t\t\t\t\t<div class=\"media-left\">\r\n\t\t\t\t\t\t<a href=\"#\">\r\n\t\t\t\t\t\t\t<i class=\"icon icon-Speedometter\"><\/i>\r\n\t\t\t\t\t\t<\/a>\r\n\t\t\t\t\t<\/div>\r\n\t\t\t\t\t<div class=\"media-body\">\r\n\t\t\t\t\t\t<h4 class=\"media-heading\">Estamos abertos de Segunda a Sexta<\/h4>\r\n\t\t\t\t\t\t<p>Fale conosco de segunda a sexta de 7h as 17h<\/p>\r\n\t\t\t\t\t<\/div>\r\n\t\t\t\t<\/div>\r\n\t\t\t<\/div><div class=\"blank-spacer clearfix  \"  style=\"margin-bottom:15px !important; clear:both;\"><\/div><div class=\"fblock1   \">\r\n\t\t\t\t<div class=\"media\">\r\n\t\t\t\t\t<div class=\"media-left\">\r\n\t\t\t\t\t\t<a href=\"#\">\r\n\t\t\t\t\t\t\t<i class=\"fa fa-calendar\"><\/i>\r\n\t\t\t\t\t\t<\/a>\r\n\t\t\t\t\t<\/div>\r\n\t\t\t\t\t<div class=\"media-body\">\r\n\t\t\t\t\t\t<h4 class=\"media-heading\">NO HIDDEN COST<\/h4>\r\n\t\t\t\t\t\t<p>Lorem ipsum dolor sit amet, consectetur elit. Vestibulum nec odio ipsum. Suspe ndisse cursus malesuada facilisis.<\/p>\r\n\t\t\t\t\t<\/div>\r\n\t\t\t\t<\/div>\r\n\t\t\t<\/div><div class=\"blank-spacer clearfix  \"  style=\"margin-bottom:40px !important; clear:both;\"><\/div>[\/vc_column_inner][vc_column_inner width=&#8221;1\/2&#8243; css=&#8221;.vc_custom_1461413842320{background-color: rgba(51,37,26,0.95) !important;*background-color: rgb(51,37,26) !important;}&#8221;]<div class=\"blank-spacer clearfix  \"  style=\"margin-bottom:40px !important; clear:both;\"><\/div><div class=\"fblock1   \">\r\n\t\t\t\t<div class=\"media\">\r\n\t\t\t\t\t<div class=\"media-left\">\r\n\t\t\t\t\t\t<a href=\"#\">\r\n\t\t\t\t\t\t\t<i class=\"icon icon-Mastercard\"><\/i>\r\n\t\t\t\t\t\t<\/a>\r\n\t\t\t\t\t<\/div>\r\n\t\t\t\t\t<div class=\"media-body\">\r\n\t\t\t\t\t\t<h4 class=\"media-heading\">Equipamentos de ultima gera\u00e7\u00e3o<\/h4>\r\n\t\t\t\t\t\t<p>Voc\u00ea n\u00e3o pode correr riscos ao automatizar sua ind\u00fastria. Falhas de produ\u00e7\u00e3o, equipamentos ruins e danificados representam riscos para o seu neg\u00f3cio, e para as pessoas que trabalham nele.<\/p>\r\n\t\t\t\t\t<\/div>\r\n\t\t\t\t<\/div>\r\n\t\t\t<\/div><div class=\"blank-spacer clearfix  \"  style=\"margin-bottom:15px !important; clear:both;\"><\/div><div class=\"fblock1   \">\r\n\t\t\t\t<div class=\"media\">\r\n\t\t\t\t\t<div class=\"media-left\">\r\n\t\t\t\t\t\t<a href=\"#\">\r\n\t\t\t\t\t\t\t<i class=\"fa fa-thumbs-o-up\"><\/i>\r\n\t\t\t\t\t\t<\/a>\r\n\t\t\t\t\t<\/div>\r\n\t\t\t\t\t<div class=\"media-body\">\r\n\t\t\t\t\t\t<h4 class=\"media-heading\">Qualidade al\u00e9m do pre\u00e7o<\/h4>\r\n\t\t\t\t\t\t<p>Quando tratamos com qualidade em primeiro lugar o pre\u00e7o n\u00e3o precisa ser justificado<\/p>\r\n\t\t\t\t\t<\/div>\r\n\t\t\t\t<\/div>\r\n\t\t\t<\/div><div class=\"blank-spacer clearfix  \"  style=\"margin-bottom:40px !important; clear:both;\"><\/div>[\/vc_column_inner][\/vc_row_inner][\/vc_column][\/vc_row][vc_row css=&#8221;.vc_custom_1461414409366{padding-top: 80px !important;padding-bottom: 80px !important;background-color: #f5f4f4 !important;}&#8221;][vc_column][\/vc_column][\/vc_row]<\/p>\n<\/div>","protected":false},"excerpt":{"rendered":"<p>[vc_row newlayout=&#8221;Fixed&#8221;][vc_column][\/vc_column][\/vc_row][vc_row equal_height=&#8221;yes&#8221; newlayout=&#8221;Fixed&#8221; el_class=&#8221;who-area&#8221;][vc_column width=&#8221;1\/4&#8243;][\/vc_column][vc_column width=&#8221;3\/4&#8243; el_class=&#8221;who-are-texts&#8221;][vc_column_text css=&#8221;.vc_custom_1647143102620{margin-bottom: 0px !important;}&#8221;] Temos orgulho em produzir nossos produtos com madeira de qualidade e acabamento impec\u00e1vel Garantir a qualidade dos produtos ou servi\u00e7os, precisa ser um objetivo de qualquer empresa e portanto n\u00e3o poderia ser diferente na EuroPortas. A preocupa\u00e7\u00e3o cont\u00ednua com a qualidade dos produtos madeireiros [&hellip;]<\/p>\n","protected":false},"author":1,"featured_media":0,"parent":0,"menu_order":0,"comment_status":"closed","ping_status":"closed","template":"page-fluid.php","meta":{"footnotes":""},"class_list":["post-73","page","type-page","status-publish","hentry"],"aioseo_notices":[],"_links":{"self":[{"href":"https:\/\/madeireiraeuroportas.com.br\/index.php?rest_route=\/wp\/v2\/pages\/73","targetHints":{"allow":["GET"]}}],"collection":[{"href":"https:\/\/madeireiraeuroportas.com.br\/index.php?rest_route=\/wp\/v2\/pages"}],"about":[{"href":"https:\/\/madeireiraeuroportas.com.br\/index.php?rest_route=\/wp\/v2\/types\/page"}],"author":[{"embeddable":true,"href":"https:\/\/madeireiraeuroportas.com.br\/index.php?rest_route=\/wp\/v2\/users\/1"}],"replies":[{"embeddable":true,"href":"https:\/\/madeireiraeuroportas.com.br\/index.php?rest_route=%2Fwp%2Fv2%2Fcomments&post=73"}],"version-history":[{"count":5,"href":"https:\/\/madeireiraeuroportas.com.br\/index.php?rest_route=\/wp\/v2\/pages\/73\/revisions"}],"predecessor-version":[{"id":643,"href":"https:\/\/madeireiraeuroportas.com.br\/index.php?rest_route=\/wp\/v2\/pages\/73\/revisions\/643"}],"wp:attachment":[{"href":"https:\/\/madeireiraeuroportas.com.br\/index.php?rest_route=%2Fwp%2Fv2%2Fmedia&parent=73"}],"curies":[{"name":"wp","href":"https:\/\/api.w.org\/{rel}","templated":true}]}}