{"id":216,"date":"2016-04-23T08:07:13","date_gmt":"2016-04-23T08:07:13","guid":{"rendered":"https:\/\/madeireiraeuroportas.com.br\/?page_id=216"},"modified":"2024-03-12T09:27:53","modified_gmt":"2024-03-12T12:27:53","slug":"home-2","status":"publish","type":"page","link":"https:\/\/madeireiraeuroportas.com.br\/","title":{"rendered":"Qualidade no que faz"},"content":{"rendered":"<div class=\"wpb-content-wrapper\"><p>[vc_row css=&#8221;.vc_custom_1461427728154{background-image: url(https:\/\/madeireiraeuroportas.com.br\/wp-content\/uploads\/2016\/04\/bg-1.png?id=217) !important;background-position: center !important;background-repeat: no-repeat !important;background-size: cover !important;}&#8221; el_class=&#8221;experience-area&#8221;][vc_column][vc_empty_space height=&#8221;84px&#8221;][vc_row_inner equal_height=&#8221;yes&#8221; el_class=&#8221;container&#8221;][vc_column_inner width=&#8221;5\/12&#8243;]<div class=\"blank-spacer clearfix  \"  style=\"margin-bottom:35px !important; clear:both;\"><\/div><div class=\"image-shortcode   \"><img decoding=\"async\" src=\"https:\/\/madeireiraeuroportas.com.br\/wp-content\/uploads\/2016\/04\/1-1.png\"  alt=\"alt\"><\/div>[\/vc_column_inner][vc_column_inner el_class=&#8221;experience-info&#8221; width=&#8221;7\/12&#8243;]<div class=\"blank-spacer clearfix  \"  style=\"margin-bottom:25px !important; clear:both;\"><\/div><div class=\"section_header tblock-box text-left  \"><h2 class=\"tblock noline\" >A EXPERI\u00caNCIA FAZ A DIFEREN\u00c7A<\/h2><p >H\u00e1 mais de 10 anos no mercado a EuroPortas est\u00e1 de cara nova para mostrar que voc\u00ea tamb\u00e9m pode ter qualidade com um pre\u00e7o justos na sua casa.<\/p><\/div><div class=\"blank-spacer clearfix  \"  style=\"margin-bottom:30px !important; clear:both;\"><\/div><ul  class=\" content-list icon-list  list-shortcode\"><li style=\"color:#c16717\">\n<a href=\"#\">\n<i class=\"fa fa-arrow-circle-o-right\" ><\/i>\nPortas e Janelas \u00e9 na EuroPortas\n<\/a>\n<\/li>\n<li style=\"color:#c16717\">\n<a href=\"#\">\n<i class=\"fa fa-arrow-circle-o-right\" ><\/i>\nFabrica\u00e7\u00e3o de m\u00f3veis de interior\n<\/a>\n<\/li>\n<li style=\"color:#c16717\">\n<a href=\"#\">\n<i class=\"fa fa-arrow-circle-o-right\" ><\/i>\nFa\u00e7a produtos de qualidade\n<\/a>\n<\/li>\n<li style=\"color:#c16717\">\n<a href=\"#\">\n<i class=\"fa fa-arrow-circle-o-right\" ><\/i>\nCoberturas de Madeira\n<\/a>\n<\/li>\n<li style=\"color:#c16717\">\n<a href=\"#\">\n<i class=\"fa fa-arrow-circle-o-right\" ><\/i>\nPiso de Madeira\n<\/a>\n<\/li><\/ul><div class=\"image-shortcode style1  \"><img decoding=\"async\" src=\"https:\/\/madeireiraeuroportas.com.br\/wp-content\/uploads\/2016\/04\/2-5.jpg\"  alt=\"alt\"><\/div>[\/vc_column_inner][\/vc_row_inner][\/vc_column][\/vc_row][vc_row css=&#8221;.vc_custom_1461428023226{padding-top: 80px !important;padding-bottom: 80px !important;background-color: #efefef !important;}&#8221;][vc_column][vc_row_inner el_class=&#8221;container&#8221;][vc_column_inner]<div class=\"section_header tblock-box text-left  \"><h2 class=\"tblock \" >O QUE N\u00d3S FAZEMOS<\/h2><\/div><div id=\"conent-slider-17573\" class=\"we-do-slider  \"><div  class=\"we-sliders content-slider \">\r\n\t\t\t\t\t\t<div class=\"item\"><\/p>\n<h4><img loading=\"lazy\" decoding=\"async\" class=\"alignnone wp-image-610\" src=\"https:\/\/madeireiraeuroportas.com.br\/wp-content\/uploads\/2022\/03\/Bang01.png\" alt=\"\" width=\"270\" height=\"190\" \/><\/h4>\n<h4>FOTOS REAIS DO NOSSO TRABALHO<\/h4>\n<p>A EuroPortas tira seu sonho do papel e poem dentro da sua casa<\/div>\n<div class=\"item\"><\/p>\n<h4><img loading=\"lazy\" decoding=\"async\" class=\"alignnone size-full wp-image-662\" src=\"https:\/\/madeireiraeuroportas.com.br\/wp-content\/uploads\/2022\/03\/04.png\" alt=\"\" width=\"270\" height=\"190\" \/><\/h4>\n<h4><em>Desing e <\/em>Modernidade<\/h4>\n<p>Venha conhecer nosso trabalho<\/div>\n<div class=\"item\"><\/p>\n<h4><img loading=\"lazy\" decoding=\"async\" class=\"alignnone size-full wp-image-663\" src=\"https:\/\/madeireiraeuroportas.com.br\/wp-content\/uploads\/2022\/03\/03.png\" alt=\"\" width=\"270\" height=\"190\" \/><\/h4>\n<h4>M\u00f3veis de qualidade e garantia<\/h4>\n<p>Confiamos nos nossos produtos e todos eles possuem garantia em caso de defeitos<\/div>\n<div class=\"item\"><\/p>\n<h4><img loading=\"lazy\" decoding=\"async\" class=\"alignnone size-full wp-image-665\" src=\"https:\/\/madeireiraeuroportas.com.br\/wp-content\/uploads\/2022\/03\/01.png\" alt=\"\" width=\"270\" height=\"190\" \/><\/h4>\n<h4>Projetos de bangal\u00f4s<\/h4>\n<p>Traga seu arquiteto e venha falar conosco<\/div>\n<div class=\"item\"><\/div>\r\n\t\t\t\t\t<\/div><\/div><script type=\"text\/javascript\">\r\n\t\t\t\tjQuery(document).ready(function(){\r\n\t\t\t\t\tjQuery(\"#conent-slider-17573 .we-sliders\").owlCarousel({\r\n\t\t\t\t\t\trtl\t:false,\r\n\t\t\t\t\t\t\t\tnav : true,navText: [\"<i class=\\\"fa fa-angle-left\\\"><\/i>\",\"<i class=\\\"fa fa-angle-right\\\"><\/i>\"],dots:false,\r\n\t\t\t\t\t\t\t\titems : 4,\r\n\t\t\t\t\t\t\t\tautoplay: false,\r\n\t\t\t\t\t\t\t\tautoplayTimeout:3000,\r\n\t\t\t\t\t\t\t\tloop:true,\r\n\t\t\t\t\t\t\t\tmargin:30,\r\n\t\t\t\t\t\t\t\tresponsiveClass:true,\r\n\t\t\t\t\t\t\t\tresponsive:{\r\n\t\t\t\t\t\t\t\t\t0:{\r\n\t\t\t\t\t\t\t\t\t\titems:1\r\n\t\t\t\t\t\t\t\t\t},\r\n\t\t\t\t\t\t\t\t\t481:{\r\n\t\t\t\t\t\t\t\t\t\titems:2\r\n\t\t\t\t\t\t\t\t\t},\r\n\t\t\t\t\t\t\t\t\t700:{\r\n\t\t\t\t\t\t\t\t\t\titems:3\r\n\t\t\t\t\t\t\t\t\t},\r\n\t\t\t\t\t\t\t\t\t992:{\r\n\t\t\t\t\t\t\t\t\t\titems:4,\r\n\t\t\t\t\t\t\t\t\t}\r\n\t\t\t\t\t\t\t\t}\r\n\t\t\t\t\t});})\r\n\t\t\t<\/script>[\/vc_column_inner][\/vc_row_inner][vc_row_inner][vc_column_inner][vc_empty_space][\/vc_column_inner][vc_column_inner][vc_column_text]        <div\n            class=\"spotlight-instagram-feed\"\n            data-feed-var=\"e592a12f\"\n            data-analytics=\"0\"\n            data-instance=\"216\"\n        >\n        <\/div>\n        <input type=\"hidden\" id=\"sli__f__e592a12f\" data-json='{&quot;useCase&quot;:&quot;accounts&quot;,&quot;template&quot;:&quot;gallery&quot;,&quot;layout&quot;:&quot;grid&quot;,&quot;numColumns&quot;:{&quot;desktop&quot;:5,&quot;tablet&quot;:4,&quot;phone&quot;:3},&quot;highlightFreq&quot;:{&quot;desktop&quot;:7},&quot;sliderNumScrollPosts&quot;:{&quot;desktop&quot;:1},&quot;sliderInfinite&quot;:true,&quot;sliderLoop&quot;:false,&quot;sliderArrowPos&quot;:{&quot;desktop&quot;:&quot;inside&quot;},&quot;sliderArrowSize&quot;:{&quot;desktop&quot;:20},&quot;sliderArrowColor&quot;:{&quot;r&quot;:255,&quot;b&quot;:255,&quot;g&quot;:255,&quot;a&quot;:1},&quot;sliderArrowBgColor&quot;:{&quot;r&quot;:0,&quot;b&quot;:0,&quot;g&quot;:0,&quot;a&quot;:0.8},&quot;sliderAutoScroll&quot;:false,&quot;sliderAutoInterval&quot;:3,&quot;postOrder&quot;:&quot;date_desc&quot;,&quot;numPosts&quot;:{&quot;desktop&quot;:15,&quot;tablet&quot;:12,&quot;phone&quot;:9},&quot;linkBehavior&quot;:{&quot;desktop&quot;:&quot;lightbox&quot;},&quot;feedWidth&quot;:{&quot;desktop&quot;:1150},&quot;feedHeight&quot;:{&quot;desktop&quot;:0},&quot;feedPadding&quot;:{&quot;desktop&quot;:0,&quot;tablet&quot;:0,&quot;phone&quot;:0},&quot;imgPadding&quot;:{&quot;desktop&quot;:10,&quot;tablet&quot;:0,&quot;phone&quot;:0},&quot;textSize&quot;:{&quot;desktop&quot;:0,&quot;tablet&quot;:&quot;&quot;,&quot;phone&quot;:&quot;&quot;},&quot;bgColor&quot;:{&quot;r&quot;:255,&quot;g&quot;:255,&quot;b&quot;:255,&quot;a&quot;:0},&quot;hoverInfo&quot;:[&quot;insta_link&quot;],&quot;textColorHover&quot;:{&quot;r&quot;:255,&quot;g&quot;:255,&quot;b&quot;:255,&quot;a&quot;:1},&quot;bgColorHover&quot;:{&quot;r&quot;:0,&quot;g&quot;:0,&quot;b&quot;:0,&quot;a&quot;:0.5},&quot;showHeader&quot;:{&quot;desktop&quot;:false},&quot;headerInfo&quot;:{&quot;desktop&quot;:[&quot;profile_pic&quot;,&quot;bio&quot;]},&quot;headerAccount&quot;:5,&quot;headerStyle&quot;:{&quot;desktop&quot;:&quot;normal&quot;,&quot;phone&quot;:&quot;centered&quot;},&quot;headerTextSize&quot;:{&quot;desktop&quot;:&quot;&quot;},&quot;headerPhotoSize&quot;:{&quot;desktop&quot;:50},&quot;headerTextColor&quot;:{&quot;r&quot;:0,&quot;g&quot;:0,&quot;b&quot;:0,&quot;a&quot;:1},&quot;headerBgColor&quot;:{&quot;r&quot;:255,&quot;g&quot;:255,&quot;b&quot;:255,&quot;a&quot;:1},&quot;headerPadding&quot;:{&quot;desktop&quot;:0},&quot;customProfilePic&quot;:0,&quot;customBioText&quot;:&quot;&quot;,&quot;includeStories&quot;:false,&quot;storiesInterval&quot;:5,&quot;showCaptions&quot;:{&quot;desktop&quot;:false},&quot;captionMaxLength&quot;:{&quot;desktop&quot;:0},&quot;captionRemoveDots&quot;:false,&quot;captionSize&quot;:{&quot;desktop&quot;:0},&quot;captionColor&quot;:{&quot;r&quot;:0,&quot;g&quot;:0,&quot;b&quot;:0,&quot;a&quot;:1},&quot;showLikes&quot;:{&quot;desktop&quot;:false},&quot;showComments&quot;:{&quot;desktop&quot;:false},&quot;lcIconSize&quot;:{&quot;desktop&quot;:14},&quot;likesIconColor&quot;:{&quot;r&quot;:0,&quot;g&quot;:0,&quot;b&quot;:0,&quot;a&quot;:1},&quot;commentsIconColor&quot;:{&quot;r&quot;:0,&quot;g&quot;:0,&quot;b&quot;:0,&quot;a&quot;:1},&quot;lightboxShowSidebar&quot;:false,&quot;lightboxCtaStyle&quot;:&quot;link&quot;,&quot;lightboxCtaDesign&quot;:{&quot;text&quot;:{&quot;color&quot;:{&quot;r&quot;:0,&quot;g&quot;:0,&quot;b&quot;:0,&quot;a&quot;:1},&quot;align&quot;:&quot;center&quot;},&quot;bgColor&quot;:{&quot;r&quot;:230,&quot;g&quot;:230,&quot;b&quot;:230,&quot;a&quot;:1},&quot;border&quot;:{&quot;radius&quot;:3}},&quot;numLightboxComments&quot;:50,&quot;showLoadMoreBtn&quot;:{&quot;desktop&quot;:false},&quot;loadMoreBtnDesign&quot;:{&quot;text&quot;:{&quot;color&quot;:{&quot;r&quot;:255,&quot;g&quot;:255,&quot;b&quot;:255,&quot;a&quot;:1},&quot;align&quot;:&quot;center&quot;},&quot;border&quot;:{&quot;radius&quot;:3},&quot;bgColor&quot;:{&quot;r&quot;:0,&quot;g&quot;:149,&quot;b&quot;:246,&quot;a&quot;:1},&quot;margin&quot;:{&quot;top&quot;:0,&quot;bottom&quot;:0,&quot;left&quot;:0,&quot;right&quot;:0}},&quot;loadMoreBtnText&quot;:&quot;Load more&quot;,&quot;loadMoreBtnScroll&quot;:true,&quot;autoload&quot;:false,&quot;showFollowBtn&quot;:{&quot;desktop&quot;:true,&quot;phone&quot;:false,&quot;tablet&quot;:false},&quot;followBtnText&quot;:&quot;Siga a Europortas no Instagram&quot;,&quot;followBtnDesign&quot;:{&quot;text&quot;:{&quot;color&quot;:{&quot;r&quot;:255,&quot;g&quot;:255,&quot;b&quot;:255,&quot;a&quot;:1},&quot;align&quot;:&quot;center&quot;},&quot;border&quot;:{&quot;radius&quot;:3},&quot;bgColor&quot;:{&quot;r&quot;:0,&quot;g&quot;:149,&quot;b&quot;:246,&quot;a&quot;:1},&quot;margin&quot;:{&quot;top&quot;:0,&quot;bottom&quot;:0,&quot;left&quot;:0,&quot;right&quot;:0}},&quot;followBtnLocation&quot;:{&quot;desktop&quot;:&quot;header&quot;,&quot;phone&quot;:&quot;bottom&quot;},&quot;alignFooterButtons&quot;:{&quot;desktop&quot;:false},&quot;customCss&quot;:&quot;\\\/* Enter your custom CSS below *\\\/\\n\\n&quot;,&quot;accounts&quot;:[736],&quot;tagged&quot;:[],&quot;hashtags&quot;:[],&quot;mediaType&quot;:&quot;all&quot;,&quot;hashtagWhitelist&quot;:[],&quot;hashtagBlacklist&quot;:[],&quot;captionWhitelist&quot;:[],&quot;captionBlacklist&quot;:[],&quot;hashtagWhitelistSettings&quot;:true,&quot;hashtagBlacklistSettings&quot;:true,&quot;captionWhitelistSettings&quot;:true,&quot;captionBlacklistSettings&quot;:true,&quot;moderation&quot;:[],&quot;moderationMode&quot;:&quot;blacklist&quot;,&quot;promosVersion&quot;:2,&quot;promosEnabled&quot;:true,&quot;globalPromosEnabled&quot;:true,&quot;autoPromosEnabled&quot;:true,&quot;promoOverrides&quot;:[],&quot;feedPromo&quot;:{&quot;linkSource&quot;:{&quot;type&quot;:null},&quot;linkBehavior&quot;:{&quot;openNewTab&quot;:false,&quot;showPopupBox&quot;:false},&quot;linkText&quot;:&quot;&quot;},&quot;gaCampaignSource&quot;:&quot;&quot;,&quot;gaCampaignMedium&quot;:&quot;&quot;,&quot;gaCampaignName&quot;:&quot;&quot;}' \/>\n        <input type=\"hidden\" id=\"sli__a__e592a12f\" data-json='[{&quot;id&quot;:736,&quot;type&quot;:&quot;PERSONAL&quot;,&quot;userId&quot;:&quot;7621618094568877&quot;,&quot;username&quot;:&quot;europortasmadeireira&quot;,&quot;bio&quot;:&quot;&quot;,&quot;customBio&quot;:&quot;&quot;,&quot;profilePicUrl&quot;:&quot;&quot;,&quot;customProfilePicUrl&quot;:&quot;&quot;,&quot;mediaCount&quot;:&quot;238&quot;,&quot;followersCount&quot;:&quot;0&quot;,&quot;usages&quot;:[],&quot;creationDate&quot;:&quot;2024-03-12 00:09:49&quot;}]' \/>\n        <input type=\"hidden\" id=\"sli__m__e592a12f\" data-json='[]' \/>\n        [\/vc_column_text][\/vc_column_inner][\/vc_row_inner][\/vc_column][\/vc_row][vc_row equal_height=&#8221;yes&#8221; css=&#8221;.vc_custom_1461972280175{background-image: url(https:\/\/madeireiraeuroportas.com.br\/wp-content\/uploads\/2016\/04\/work.jpg?id=239) !important;}&#8221;][vc_column width=&#8221;5\/12&#8243; css=&#8221;.vc_custom_1461972291078{padding-right: 0px !important;padding-left: 0px !important;}&#8221;][\/vc_column][vc_column width=&#8221;7\/12&#8243; css=&#8221;.vc_custom_1461971962732{border-bottom-width: 25px !important;background: rgba(79,49,27,0.9) url(https:\/\/madeireiraeuroportas.com.br\/wp-content\/uploads\/2016\/04\/2-7.jpg?id=240) !important;background-position: center !important;background-repeat: no-repeat !important;background-size: cover !important;*background-color: rgb(79,49,27) !important;}&#8221;]<div class=\"blank-spacer clearfix  \"  style=\"margin-bottom:-35px !important; clear:both;\"><\/div>[vc_row_inner css=&#8221;.vc_custom_1461939015347{padding-right: 0px !important;padding-left: 0px !important;background-color: rgba(79,49,27,0.9) !important;*background-color: rgb(79,49,27) !important;}&#8221;][vc_column_inner width=&#8221;5\/6&#8243; css=&#8221;.vc_custom_1461939071989{padding-left: 35px !important;}&#8221;]<div class=\"blank-spacer clearfix  \"  style=\"margin-bottom:25px !important; clear:both;\"><\/div><div class=\"section_header tblock-box text-left  \"><h2 class=\"tblock noline\" style=\"color:#ca8e3e !important;\">Bem Vindo a Europortas<\/h2><p style=\"color:#fff8df !important;\">O Site ainda esta em constru\u00e7\u00e3o, mas daremos o nosso melhor para atende-lo<\/p><\/div>[\/vc_column_inner][vc_column_inner width=&#8221;1\/6&#8243;][\/vc_column_inner][\/vc_row_inner][vc_row_inner css=&#8221;.vc_custom_1461972396903{padding-top: 15px !important;padding-bottom: 25px !important;padding-left: 20px !important;background-color: rgba(79,49,27,0.9) !important;*background-color: rgb(79,49,27) !important;}&#8221;][vc_column_inner width=&#8221;1\/2&#8243;]<div class=\"blank-spacer clearfix  \"  style=\"margin-bottom:-35px !important; clear:both;\"><\/div><ul  class=\"  icon-list  list-shortcode\"><li style=\"color:#bc945e\">\n<i class=\"fa fa-hand-o-right\" ><\/i>\nComplete Safety Analysis\n<\/li>\n<li style=\"color:#bc945e\">\n<i class=\"fa fa-hand-o-right\" ><\/i>\nCertified Company Since 2005\n<\/li><\/ul>[\/vc_column_inner][vc_column_inner width=&#8221;1\/2&#8243;]<div class=\"blank-spacer clearfix  \"  style=\"margin-bottom:-35px !important; clear:both;\"><\/div><ul  class=\"  icon-list  list-shortcode\"><li style=\"color:#bc945e\">\n<i class=\"fa fa-hand-o-right\" ><\/i>\nComplete Safety Analysis\n<\/li>\n<li style=\"color:#bc945e\">\n<i class=\"fa fa-hand-o-right\" ><\/i>\nCertified Company Since 2005\n<\/li><\/ul>[\/vc_column_inner][\/vc_row_inner][\/vc_column][\/vc_row][vc_row][vc_column][\/vc_column][\/vc_row]<\/p>\n<\/div>","protected":false},"excerpt":{"rendered":"<p>[vc_row css=&#8221;.vc_custom_1461427728154{background-image: url(https:\/\/madeireiraeuroportas.com.br\/wp-content\/uploads\/2016\/04\/bg-1.png?id=217) !important;background-position: center !important;background-repeat: no-repeat !important;background-size: cover !important;}&#8221; el_class=&#8221;experience-area&#8221;][vc_column][vc_empty_space height=&#8221;84px&#8221;][vc_row_inner equal_height=&#8221;yes&#8221; el_class=&#8221;container&#8221;][vc_column_inner width=&#8221;5\/12&#8243;][\/vc_column_inner][vc_column_inner el_class=&#8221;experience-info&#8221; width=&#8221;7\/12&#8243;][\/vc_column_inner][\/vc_row_inner][\/vc_column][\/vc_row][vc_row css=&#8221;.vc_custom_1461428023226{padding-top: 80px !important;padding-bottom: 80px !important;background-color: #efefef !important;}&#8221;][vc_column][vc_row_inner el_class=&#8221;container&#8221;][vc_column_inner][\/vc_column_inner][\/vc_row_inner][vc_row_inner][vc_column_inner][vc_empty_space][\/vc_column_inner][vc_column_inner][vc_column_text][\/vc_column_text][\/vc_column_inner][\/vc_row_inner][\/vc_column][\/vc_row][vc_row equal_height=&#8221;yes&#8221; css=&#8221;.vc_custom_1461972280175{background-image: url(https:\/\/madeireiraeuroportas.com.br\/wp-content\/uploads\/2016\/04\/work.jpg?id=239) !important;}&#8221;][vc_column width=&#8221;5\/12&#8243; css=&#8221;.vc_custom_1461972291078{padding-right: 0px !important;padding-left: 0px !important;}&#8221;][\/vc_column][vc_column width=&#8221;7\/12&#8243; css=&#8221;.vc_custom_1461971962732{border-bottom-width: 25px !important;background: rgba(79,49,27,0.9) url(https:\/\/madeireiraeuroportas.com.br\/wp-content\/uploads\/2016\/04\/2-7.jpg?id=240) !important;background-position: center !important;background-repeat: no-repeat !important;background-size: cover !important;*background-color: rgb(79,49,27) !important;}&#8221;][vc_row_inner css=&#8221;.vc_custom_1461939015347{padding-right: 0px !important;padding-left: 0px !important;background-color: [&hellip;]<\/p>\n","protected":false},"author":1,"featured_media":0,"parent":0,"menu_order":0,"comment_status":"closed","ping_status":"closed","template":"page-fluid.php","meta":{"footnotes":""},"class_list":["post-216","page","type-page","status-publish","hentry"],"aioseo_notices":[],"_links":{"self":[{"href":"https:\/\/madeireiraeuroportas.com.br\/index.php?rest_route=\/wp\/v2\/pages\/216","targetHints":{"allow":["GET"]}}],"collection":[{"href":"https:\/\/madeireiraeuroportas.com.br\/index.php?rest_route=\/wp\/v2\/pages"}],"about":[{"href":"https:\/\/madeireiraeuroportas.com.br\/index.php?rest_route=\/wp\/v2\/types\/page"}],"author":[{"embeddable":true,"href":"https:\/\/madeireiraeuroportas.com.br\/index.php?rest_route=\/wp\/v2\/users\/1"}],"replies":[{"embeddable":true,"href":"https:\/\/madeireiraeuroportas.com.br\/index.php?rest_route=%2Fwp%2Fv2%2Fcomments&post=216"}],"version-history":[{"count":24,"href":"https:\/\/madeireiraeuroportas.com.br\/index.php?rest_route=\/wp\/v2\/pages\/216\/revisions"}],"predecessor-version":[{"id":962,"href":"https:\/\/madeireiraeuroportas.com.br\/index.php?rest_route=\/wp\/v2\/pages\/216\/revisions\/962"}],"wp:attachment":[{"href":"https:\/\/madeireiraeuroportas.com.br\/index.php?rest_route=%2Fwp%2Fv2%2Fmedia&parent=216"}],"curies":[{"name":"wp","href":"https:\/\/api.w.org\/{rel}","templated":true}]}}