{"id":213,"date":"2016-04-23T07:54:33","date_gmt":"2016-04-23T07:54:33","guid":{"rendered":"https:\/\/madeireiraeuroportas.com.br\/?page_id=213"},"modified":"2022-03-17T08:14:55","modified_gmt":"2022-03-17T11:14:55","slug":"projects","status":"publish","type":"page","link":"https:\/\/madeireiraeuroportas.com.br\/?page_id=213","title":{"rendered":"Projetos"},"content":{"rendered":"<div class=\"wpb-content-wrapper\"><p>[vc_row][vc_column]<div class=\"section_header tblock-box text-left  \"><h2 class=\"tblock \" >CONFIRA NOSSOS PROJETOS<\/h2><p >A madeira \u00e9 um material bastante vers\u00e1til, que pode ser utilizado tanto na estrutura da constru\u00e7\u00e3o quanto em janelas, portas, pisos, revestimentos e m\u00f3veis. H\u00e1 at\u00e9 casas constru\u00eddas inteiramente com a mat\u00e9ria-prima, como as que utilizam o sistema wood-frame.<\/p>\n<p>Desde que passaram a ser adotadas as vigas laminadas coladas, grandes v\u00e3os n\u00e3o s\u00e3o mais empecilho para o uso da madeira. Contudo, ela n\u00e3o deve ser empregada em projetos expostos a intemp\u00e9ries sem prote\u00e7\u00e3o \u2013 caso de fechamentos, coberturas e beirais \u2013 ou em contato com o solo, pois, com o tempo, pode apodrecer.<\/p>\n<p>Como item decorativo, a madeira pode ser combinada a outros materiais, como pedra, concreto e vidro, para deixar os ambientes mais aconchegantes ou sofisticados. Na atualidade, uma forte tend\u00eancia nessa \u00e1rea \u00e9 o uso de madeira de demoli\u00e7\u00e3o (garimpada em antigas constru\u00e7\u00f5es). No entanto, por ser considerado um artigo de luxo, seu custo \u00e9 alto.<\/p>\n<p>Al\u00e9m de esteticamente atraente, essa mat\u00e9ria-prima reduz o tempo de montagem, tem pre\u00e7o competitivo e \u00e9 dur\u00e1vel e segura em caso de inc\u00eandio, porque, embora seja combust\u00edvel, resiste ao fogo por um longo per\u00edodo. Pode ser considerada, ainda, uma alternativa sustent\u00e1vel, pois a madeira legalizada para o uso na constru\u00e7\u00e3o \u00e9 extra\u00edda de florestas regulamentadas pelo Ibama (Instituto Brasileiro do Meio Ambiente e dos Recursos Naturais Renov\u00e1veis), o que significa que todas as \u00e1rvores s\u00e3o identificadas e que a \u00e1rea \u00e9 reflorestada. O \u00f3rg\u00e3o tamb\u00e9m \u00e9 respons\u00e1vel pelo DOF (Documento de Origem Florestal), que garante o rastreamento do momento da extra\u00e7\u00e3o at\u00e9 a entrega na obra. Outro item que garante a sustentabilidade s\u00e3o os certificados, como o Madeira Legal, entre tantos outros, que indicam a origem da esp\u00e9cie.<\/p><\/div>[\/vc_column][\/vc_row]<\/p>\n<\/div>","protected":false},"excerpt":{"rendered":"<p>[vc_row][vc_column][\/vc_column][\/vc_row]<\/p>\n","protected":false},"author":1,"featured_media":0,"parent":0,"menu_order":0,"comment_status":"closed","ping_status":"closed","template":"portfolio-template-default.php","meta":{"footnotes":""},"class_list":["post-213","page","type-page","status-publish","hentry"],"aioseo_notices":[],"_links":{"self":[{"href":"https:\/\/madeireiraeuroportas.com.br\/index.php?rest_route=\/wp\/v2\/pages\/213","targetHints":{"allow":["GET"]}}],"collection":[{"href":"https:\/\/madeireiraeuroportas.com.br\/index.php?rest_route=\/wp\/v2\/pages"}],"about":[{"href":"https:\/\/madeireiraeuroportas.com.br\/index.php?rest_route=\/wp\/v2\/types\/page"}],"author":[{"embeddable":true,"href":"https:\/\/madeireiraeuroportas.com.br\/index.php?rest_route=\/wp\/v2\/users\/1"}],"replies":[{"embeddable":true,"href":"https:\/\/madeireiraeuroportas.com.br\/index.php?rest_route=%2Fwp%2Fv2%2Fcomments&post=213"}],"version-history":[{"count":4,"href":"https:\/\/madeireiraeuroportas.com.br\/index.php?rest_route=\/wp\/v2\/pages\/213\/revisions"}],"predecessor-version":[{"id":695,"href":"https:\/\/madeireiraeuroportas.com.br\/index.php?rest_route=\/wp\/v2\/pages\/213\/revisions\/695"}],"wp:attachment":[{"href":"https:\/\/madeireiraeuroportas.com.br\/index.php?rest_route=%2Fwp%2Fv2%2Fmedia&parent=213"}],"curies":[{"name":"wp","href":"https:\/\/api.w.org\/{rel}","templated":true}]}}

<div class="wpb-content-wrapper"><p>[vc_row][vc_column]<div class="section_header tblock-box text-left  "><h2 class="tblock " >CONFIRA NOSSOS PROJETOS</h2><p >A madeira é um material bastante versátil, que pode ser utilizado tanto na estrutura da construção quanto em janelas, portas, pisos, revestimentos e móveis. Há até casas construídas inteiramente com a matéria-prima, como as que utilizam o sistema wood-frame.</p>
<p>Desde que passaram a ser adotadas as vigas laminadas coladas, grandes vãos não são mais empecilho para o uso da madeira. Contudo, ela não deve ser empregada em projetos expostos a intempéries sem proteção – caso de fechamentos, coberturas e beirais – ou em contato com o solo, pois, com o tempo, pode apodrecer.</p>
<p>Como item decorativo, a madeira pode ser combinada a outros materiais, como pedra, concreto e vidro, para deixar os ambientes mais aconchegantes ou sofisticados. Na atualidade, uma forte tendência nessa área é o uso de madeira de demolição (garimpada em antigas construções). No entanto, por ser considerado um artigo de luxo, seu custo é alto.</p>
<p>Além de esteticamente atraente, essa matéria-prima reduz o tempo de montagem, tem preço competitivo e é durável e segura em caso de incêndio, porque, embora seja combustível, resiste ao fogo por um longo período. Pode ser considerada, ainda, uma alternativa sustentável, pois a madeira legalizada para o uso na construção é extraída de florestas regulamentadas pelo Ibama (Instituto Brasileiro do Meio Ambiente e dos Recursos Naturais Renováveis), o que significa que todas as árvores são identificadas e que a área é reflorestada. O órgão também é responsável pelo DOF (Documento de Origem Florestal), que garante o rastreamento do momento da extração até a entrega na obra. Outro item que garante a sustentabilidade são os certificados, como o Madeira Legal, entre tantos outros, que indicam a origem da espécie.</p></div>[/vc_column][/vc_row]</p>
</div>
